composite?
False
Let p be 2 + -4 + -7 + -14. Let t(g) = -g**3 - 19*g**2 + 18*g + 31. Is t(p) prime?
True
Let g = 12226 - 8389. Is g a composite number?
True
Suppose 3066 - 446 = 5*t. Suppose 7*o - 3*o - t = 0. Is o prime?
True
Suppose 3068 = j + j. Suppose 5*g + 15 = 0, 2*g = 2*w - 7*w + j. Suppose d = 4*f - 173 - w, 0 = 5*f + d - 590. Is f prime?
False
Let a be (0 - 15)*2/(-5). Let t be 5058/11 + a/33. Suppose -3*n - t = -8*n + h, 5*n = 3*h + 470. Is n a composite number?
True
Is (31 - 26) + 2218*2 prime?
True
Let c be -10*4/12*-3 + -4. Suppose 0 = 5*l - c*l + 2741. Is l prime?
True
Let a(f) = 26*f**2 - 3*f - 11. Suppose 0 = 3*j - 3, -3*h - 4*j = 8 - 30. Is a(h) a prime number?
True
Suppose 4*x = -5*x + 1035. Let p = x - 62. Is p a prime number?
True
Let q(f) = -173*f + 13. Let o(k) = 87*k - 6. Let r(h) = 7*o(h) + 3*q(h). Is r(5) a prime number?
False
Let w be (-18)/6 + (-2 - -9). Let h be 0/2 + -1 + 389. Suppose 8*y - h = w*y. Is y a prime number?
True
Suppose 7*d = -0*d + 14. Suppose -i - 11 = -d. Is 1*(-159)/i*3 prime?
True
Let p(l) = 122*l**2 - 60*l + 13. Is p(-15) composite?
True
Let h be 30057 + (-3 - -3) + 4. Is h/92 - (-1)/4 a composite number?
True
Let y = -1065 - -5572. Is y a composite number?
False
Suppose 0 = -5*o + 5*t + 9840, 4*o - t - 6073 = 1802. Is o a prime number?
False
Let b(w) = w**2 - 2*w - 10. Let q be b(6). Let f = q + -25. Let c(k) = k**3 + 13*k**2 + 14*k - 9. Is c(f) a prime number?
True
Let l = 39 - 36. Suppose 0 = l*h - h - 958. Is h prime?
True
Suppose -58*i + 59*i = 1806. Suppose i + 6816 = 9*k. Is k prime?
False
Let o(t) = -t**3 + t**2 + t - 13. Let g be o(0). Let j be (-6)/39 + 1649/g. Is (-9 + 10)*j/(-1) a composite number?
False
Let w(r) = 926*r**2 + 19. Is w(-3) a prime number?
True
Suppose -3*s = 4*t - 38, -s - 4*t = -16 - 2. Suppose s*i - 21*i = -22. Is i prime?
True
Is (-20481)/(-21) + 14/(-49) - -4 prime?
False
Suppose 0 = -u - 4*u + 2*z - 15, 0 = -2*u - 3*z + 13. Let p(o) = 39*o**2. Is p(u) a prime number?
False
Let a be ((-216)/(-6))/(-6)*2/(-4). Suppose a*c - 2230 = -5*j, 3*j - c = -2*j + 2250. Is j composite?
False
Let s be (413 - -1) + 0/5. Let v = s + 119. Is v prime?
False
Suppose -2*r - 5*a + 60 = 0, 0 = r + 3*a - 6*a - 8. Suppose 0 = 3*w - 8*w - r, -4*w = 5*q - 84. Suppose 2*t + q - 178 = 0. Is t composite?
False
Let z = -95 - -96. Let k(x) = 142*x**2 + x. Is k(z) prime?
False
Let h(u) = -42*u - 1. Let b(k) = -k**3 + 2*k**2 + 2*k - 1. Let g be b(3). Let c(s) = -1. Let i(v) = g*c(v) - h(v). Is i(5) a prime number?
False
Suppose -o + 63 = 6*o. Let c(r) = r**3 - 9*r**2 + 20*r + 11. Is c(o) a prime number?
True
Suppose -o + 5069 - 23811 = -3*c, 2*o + 12496 = 2*c. Is c prime?
True
Let r = 22840 - 2055. Is r prime?
False
Let n = -22 + 27. Suppose r - 5*g - 47 - 12 = 0, 77 = 3*r + n*g. Is r prime?
False
Let v(k) = -3*k**3 + 5*k**2 + 13*k + 10. Is v(-5) a prime number?
False
Let c(z) = -101*z - 22. Let y = 46 + -55. Is c(y) a composite number?
False
Let q(f) = -17*f + 43. Let p be -11 + (3 - 4)/1 + 4. Is q(p) prime?
True
Suppose -4*y - f + 3226 = -2050, 5*y + 3*f = 6595. Is y prime?
True
Is (-5)/((-150)/(-12)) + 79674/10 prime?
False
Let a(j) = 16621*j + 16. Is a(1) prime?
False
Let x(c) = -c**3 + 11*c**2 - 13*c + 12. Let o be x(10). Let s = -13 - o. Suppose -s*u - 307 = -1302. Is u a composite number?
False
Suppose -169 - 179 = -4*k. Let b be 2/(-8) - k/4. Is 637/2 - 11/b a composite number?
True
Is 15*10/125 - 25198/(-10) a composite number?
False
Let c be (-2)/(-7) + (111320/35)/(-2). Let x = 3581 + c. Is x prime?
False
Is (5 + -10 - -8)/((-6)/(-13994)) composite?
False
Is 239/(-2 + (-334)/(-166)) + 4 a prime number?
True
Is 3 + 5 - -25679 - -10 a composite number?
True
Let t(p) = -7*p**3 - 17*p**2 - 9*p - 10. Is t(-11) prime?
True
Suppose -24*h = -116902 - 57890. Is h prime?
True
Suppose 4*l + 2*q = 0, -q = 2*l - 4*q. Suppose l*u = u - 2. Suppose u*d - 33 = d. Is d prime?
False
Suppose 0 = -41*n + 40*n + 20378. Suppose 2071 = 3*y - n. Is y a prime number?
False
Let r(l) = l**2 + l - 1. Let h be r(-3). Is 2330/h - (-4 + 1) a prime number?
False
Is 7/(77/80113)*(-12)/(-4) a composite number?
True
Suppose 4*q - 296 = 3*q - r, 3*q + 4*r = 891. Suppose 4*s - 22 = 122. Let n = q - s. Is n composite?
False
Let p(o) = -7*o - 9. Let r(f) = -8*f - 9. Let x(g) = -4*p(g) + 5*r(g). Let y be x(-7). Suppose 0 = -t + 88 + y. Is t a composite number?
False
Suppose -7*m - 16 = -15*m. Is m/5 + 109647/45 a prime number?
True
Let c be 1/(230/(-76) + 3). Let h = c - -89. Suppose -3*l + h = -2*l - 2*a, -3*l + 151 = -4*a. Is l a composite number?
True
Suppose -693 = 4*o + 431. Let c = 498 + o. Is c a prime number?
False
Suppose -5*y + 3*r + 3205 = -0*r, -r = -y + 641. Is y a prime number?
True
Let p(l) = 9*l**2 - 41*l - 59. Is p(-15) composite?
True
Suppose -27 = -5*s + 6*m - 2*m, -s = 3*m + 6. Let o(w) = 4 + 60*w**3 - 3*w - 45*w**3 - 157*w**2 + 158*w**2. Is o(s) a prime number?
True
Let u = -46563 - -82814. Is u composite?
False
Let k be (-12)/2*((-240)/(-18))/5. Is k/12*-3 + 627 composite?
False
Let l(g) = 297*g**2 - g. Let b be l(1). Let f = 603 - b. Is f composite?
False
Let g be 6 + -1 - (6 - 3). Let y(j) = 232*j + 3. Is y(g) a composite number?
False
Suppose -5*m - 2*l - 45847 + 237568 = 0, m - 38346 = -l. Is m a prime number?
False
Let d = -1155 + 1889. Is d a prime number?
False
Suppose 0*q + 2*q - 438 = 0. Let j(y) = -y**2 + 17*y - 36. Let v be j(19). Let c = q - v. Is c prime?
True
Suppose 289430 - 9028 = 38*h. Is h composite?
True
Suppose -9*v = -5*v - 20. Suppose -2*m + 7*m = v. Is -3 + 214 + (m - 1) prime?
True
Let s be (3 - 2692)*3/(-3). Let v(g) = 718*g. Let c be v(2). Let h = s - c. Is h composite?
True
Let q(j) = 2567*j**2 - 9*j + 51. Is q(-5) prime?
True
Is (685539/15 - 42/(-105))*1 composite?
True
Suppose -16*a = -30560 - 4016. Is a composite?
False
Let o be (-13352)/(-18) - (-2)/9. Suppose 0 = -6*r + 8*r - o. Is r prime?
False
Suppose 0 = -0*k + 3*k. Let x be 6/8*-2*-262. Suppose k*o = -3*o + x. Is o prime?
True
Suppose -263 = 4*f - 4179. Let p = f - -82. Is p a composite number?
False
Let c = 570 + -377. Suppose x - 42 = c. Is x prime?
False
Suppose 3*a = -2*s + 11, 0 = -a + 5*a - 4*s - 28. Let h be 7/2 - (-2)/4. Suppose n + 155 - 1178 = h*q, -a*n = 3*q - 5230. Is n a composite number?
True
Suppose -14*s = -716435 + 173193. Is s prime?
True
Let f(c) = 20*c**3 + 7*c**2 - 9*c + 5. Is f(4) a prime number?
True
Let d = -2 + -1. Let k be (-9)/6*(d + 1). Suppose 2*u + 4*b - 30 = 0, -k*u + 7*u - 5*b - 34 = 0. Is u a prime number?
True
Let r be ((-376)/5)/(9/(405/(-6))). Let l = r + -257. Is l composite?
False
Let u = 14 + -12. Suppose -3*m + u*m + 5 = 0. Suppose -3*n + 3*h + 297 = 0, -2*h = 13 - m. Is n composite?
True
Suppose -4*t - 2*v + 7102 = 0, 4*v - 1765 = 39*t - 40*t. Is t a composite number?
False
Suppose r - 268 - 329 = 0. Let u = 848 - r. Is u a composite number?
False
Let h(b) be the second derivative of b**5/20 - 5*b**4/12 - 2*b**3/3 - 3*b**2 + b. Let x be h(7). Let a = x - 45. Is a prime?
True
Let m be ((-9)/2)/((18/1136)/(-3)). Suppose 93 = -3*p + m. Is p composite?
True
Let h be (-205)/(-10) - (-2)/(-4). Suppose -5*g = -j - h, -g = j - 3*j - 4. Suppose j*r - r = -4, 3*v - 5*r - 361 = 0. Is v prime?
True
Let j = -621 - -348. Let p = j + 604. Is p a composite number?
False
Let k = 242 - 57. Suppose 8*d - k = 7*d. Is d a prime number?
False
Let i = -8 - -14. Suppose -l - 2*t + i = -6*t, -t - 33 = 5*l. Is (3/l)/1*-426 prime?
False
Suppose 4*k + 3*b = -145, 4*k - k = 4*b - 115. Suppose -9*x - x + 920 = 0. Let c = x + k. Is c a composite number?
True
Suppose 10*z - z = 0. Suppose 5*h + 2748 + 177 = 2*x, -2*x + 2931 = h. Suppose 5*y = -z*y + x. Is y prime?
True
Let s(t) = -8*t**3 - 4*t**2 - 3*t + 2. Let g be -1 + 0 - -4 - 0. Let i be 2*-3*g/6. Is s(i) prime?
True
Let n(k) = -3*k**3 + 4*k**2 - 7*k - 25. Is n(-7) composite?
False
Suppose -25 = 4*x + 3*l, -2*l - 6 = 2*x + 8. Is (x/32*4)/((-2)/2372) a composite number?
False
Suppose 8*m = 2 + 14. Suppose -z = m*n - 5*z - 14110, 14103 = 2*n + 3*z. Is n composite?
True
Let m(z) = z**3 - 8*z**2 - 33*z + 4. Let h be m(11). Suppose -w + a = -11966, -h*a = -0*a - 12. Is w a composite number?
False
Is (32751 - 1) + 10 + (-1 - 10) a composite number?
False
